{"id":68,"date":"2018-12-06T11:44:40","date_gmt":"2018-12-06T10:44:40","guid":{"rendered":"http:\/\/fliegerclubmuenchen.org\/?page_id=68"},"modified":"2021-02-25T21:46:21","modified_gmt":"2021-02-25T20:46:21","slug":"flugschule","status":"publish","type":"page","link":"https:\/\/fliegerclubmuenchen.org\/?page_id=68","title":{"rendered":"Flugschule"},"content":{"rendered":"\n<p class=\"has-vivid-cyan-blue-color has-white-background-color has-text-color has-background\" style=\"font-size:26px\"><em>&#8230; bei uns (f)liegen Sie richtig!<\/em><\/p>\n\n\n\n<h4 class=\"wp-block-heading\"><strong>Lizenzen und Berechtigungen<\/strong><\/h4>\n\n\n\n<p>Genau wie es im Stra\u00dfenverkehr  gilt im Luftverkehr, dass man Regeln und Technik beherschen mu\u00df , um sich sicher zu bewegen zu k\u00f6nnen und um sich selbst und niemand anderen zu gef\u00e4hrenden.<\/p>\n\n\n\n<p class=\"has-text-align-left\">Jede Frau oder jeder Mann, die bzw. der ein Flugger\u00e4t durch die Luft bewegen m\u00f6chte, braucht dazu eine Genehmigung. Die bekommt man nach erfolgreicher Teilnahme an theoretischem und praktischem Unterricht bei einer Flugschule, ganz \u00e4hnlich wie bei einer Fahrschule.  Nach erfolgreich abgeschlossener Ausbildung, z.B. bei uns, sowie bestandenen Pr\u00fcfungen, bekommen Sie eine Lizenz zum Fliegen,  die Sie berechtigt, Passagiere oder Fracht  maximal gegen Kostenbeteiligung bef\u00f6rdern d\u00fcrfen, eine Privat-Piloten-Lizenz (Private Pilot&#8217;s License PPL oder LAPL).   M\u00f6chten Sie mit der Fliegerei auch Geld verdienen, brauchen Sie in der zivilen Fliegerei dazu eine Lizenz als Berufspilot (Commercial Pilot, CPL).  Die Ausbildung dazu baut auf der PPL-Ausbildung auf.<\/p>\n\n\n\n<p>Zu jeder Lizenz geh\u00f6ren eine oder mehrere Berechtigungen, in denen bestimmt wird, welche Typen von Luftfahrzeugen mit welcher Antriebsart Sie unter welchen Bedingungen bewegen d\u00fcrfen. Diese Regeln und Anforderungen gelten international einheitlich, so dass Sie  in der ganzen Welt damit herum fliegen d\u00fcrfen. Der Teufel steckt dabei im Detail, und was das alles ganz genau bedeutet, lernen Sie neben vielen anderen Themen im Theorie-Unterricht, Abschnitt Luftrecht.  <\/p>\n\n\n\n<p>Die meisten Piloten machen ihre ersten Erfahrungen mit Fl\u00e4chenflugzeugen, solche mit nur einem Kolbenmotor, einem Propeller, bei einem Abfluggewicht von weniger als 2 t, die bei Tag  nach Sicht und nur auf festem Boden starten und landen. Dies beschreibt exakt den Umfang Ihrer ersten Berechtigung, und genau daf\u00fcr bildet unsere Flugschule aus. Erleichterte Bedingungen in der Ausbildung bei geringeren Kosten, aber auch einige Einschr\u00e4nkungen bietet der nur in Europa anerkannte LAPL (Light Aircraft Pilot&#8217;s License). Wir bilden Sie auch daf\u00fcr aus und beraten Sie gerne.  <\/p>\n\n\n\n<p>Man ahnt sofort, dass es wohl noch viele weitere Berechtigungen geben muss,  denn weder auf Hubschrauber, auf Wasserflugzeuge, auf gro\u00dfe Verkehrsflugzeuge noch auf sehr viele andere Luftfahrzeuge trifft die obige Definition zu. Wichtig ist, dass Sie auf der Grundlage des PPL bzw. LAPL aufbauen und viele weitere Berechtigungen erwerben zu k\u00f6nnen. Sie sammeln damit erste  Erfahrungen und werden, ganz nach Geldbeutel, pers\u00f6nlichem Bedarf, und je nachdem Sie f\u00fcr sich entschieden haben, ob die Fliegerei f\u00fcr Sie ein reines Hobby bleiben soll,  ein Hilfsmittel im Beruf  &#8211; etwa f\u00fcr Gesch\u00e4ftsreisen &#8211; sein kann, oder ein Vollzeitberuf werden soll, darauf aufbauen. Bedenken Sie, dass auch der seri\u00f6se Airline-Captain, der wagemutige Hubschrauber-Pilot von der Bergrettung (aber nur im Fernsehen!) oder der schneidige Milit\u00e4r-Pilot mit seinem Eurofighter einmal so klein angefangen haben!<\/p>\n\n\n\n<hr class=\"wp-block-separator\"\/>\n\n\n\n<h3 class=\"wp-block-heading\"><strong>Ausbildung<\/strong> in Theorie und Praxis<\/h3>\n\n\n\n<h4 class=\"wp-block-heading\"><strong>Kursanmeldung<\/strong>, Kosten und Zeitrahmen<\/h4>\n\n\n\n<p>Lassen Sie sich bei uns ausf\u00fchrlich beraten, vereinbaren Sie einen Probeflug mit einem Fluglehrer, sehen Sie sich unsere Ausbildungs-programme an und lernen Sie das Klima im Verein kennen!<\/p>\n\n\n\n<p>Unsere Empfehlung: Z\u00fcgig den Kurs durchziehen, m\u00f6glichst im Fr\u00fchjahr beginnen. Dann ist es in 4-5 Monaten m\u00f6glich, mit allem fertig zu werden.  Wenn alles optimal l\u00e4uft, fallen beim PPL ca. 10.000 \u20ac Gesamtkosten f\u00fcr die Ausbildung an, beim LAPL sind es ca. 8.500 \u20ac. <\/p>\n\n\n\n<p>Sie k\u00f6nnen sich jederzeit anmelden, es gibt keine festen Kurstermine.  Eine erste Kostenaufstellung inkl. aller Nebenkosten ( Geb\u00fchren, Lernmaterial, extra Kurse,&#8230;) besprechen wir mit Ihnen bei dieser Gelegenheit.<\/p>\n\n\n\n<h4 class=\"wp-block-heading\"><strong>Wie laufen eigentlich Theorie- und Praxis-Ausbildung ab?<\/strong><strong><\/strong><\/h4>\n\n\n\n<p><strong>Rechtliches:<\/strong> Wir bilden satzungsgem\u00e4\u00df nur Vereinsmitglieder aus, so dass Sie vor Beginn der Ausbildung aktives Mitglied des FCM werden m\u00fcssen. Wichtige Punkte betreffend gegenseitige Rechte und Pflichten, Kosten, Zahlungs-Modalit\u00e4ten, Haftung, Versicherungen u.\u00e4. regeln wir in einem Ausbildungsvertrag.<\/p>\n\n\n\n<p><strong>Anmeldung beim FCM:<\/strong> Bei einem Termin mit unserem Ausbildungsleiter werden alle Einzelheiten besprochen, u.a. Ihre Terminw\u00fcnsche und, davon abh\u00e4ngig, eine grobe Zeitplanung. F\u00fcr einen z\u00fcgigen Ablauf der Ausbildung bei uns ist wichtig, dass die externen Termine wie Funksprechkurs und&nbsp; -pr\u00fcfung, ggfs. English Language-Proficiency Test, Untersuchung beim Fliegerarzt, usw. rechtzeitig geplant und erledigt werden. Beispielsweise d\u00fcrfen Sie erst allein fliegen, wenn der Fliegerarzt sein OK gegeben hat,  Theorie- und Funksprech-Pr\u00fcfung bestanden sind. &nbsp;Die gesamte Ausbildung muss innerhalb von 2 Jahren nach Ihrer Anmeldung bei der Luftfahrt-Beh\u00f6rde abgeschlossen sein, ansonsten m\u00fcssten Sie im ung\u00fcnstigsten Fall sp\u00e4ter wieder von vorne anfangen.<\/p>\n\n\n\n<p><strong>Ausbildung Theorie:<\/strong> Wir arbeiten mit dem Fernkurs-Anbieter CAT zusammen. N\u00e4heres zum Ablauf und Umfang entnehmen Sie bitte dieser Information:<br><a href=\"https:\/\/www.cat-europe.com\/wp-content\/uploads\/2015\/10\/CAT-Info-Fernlehrgang-PPLA-LAPLA.pdf\">https:\/\/www.cat-europe.com\/wp-content\/uploads\/2015\/10\/CAT-Info-Fernlehrgang-PPLA-LAPLA.pdf<\/a> .<br>Die Online-Kurse enthalten Lehrmaterial, Testfragen und  einen Pr\u00fcfungstrainer. \u00a0CAT betreibt zudem eine Telefon-Hotline f\u00fcr Fragen von Kursteilnehmern.\u00a0 Wir k\u00fcmmern uns um die Anmeldung, erteilen die 10 Pflichtstunden Theorie, m\u00f6glichst vor oder nach dem Praxis-Unterricht oder nach Absprache in Einzelstunden. F\u00fcr Fragen aller Art k\u00f6nnen Sie sich selbstverst\u00e4ndlich an unsere Fluglehrer wenden. Die Theorie-Ausbildung schlie\u00dft offiziell mit einer Pr\u00fcfung beim zust\u00e4ndigen Luftamt ab.<\/p>\n\n\n\n<p><strong>Ausbildung Praxis:<\/strong> Wir treffen uns an unserem Heimatflugplatz M\u00fchldorf am Inn\u00a0 (<a href=\"https:\/\/edmy.de\/flugplatz\">https:\/\/edmy.de\/flugplatz<\/a> ). Hier lernen Sie das Trainings-Flugzeug, z.Zt. eine Piper Cadet, ken\u00adnen und werden mit dem Betrieb am Flugplatz vertraut gemacht. Danach steht dem ersten Flug nichts mehr im Wege: Anlassen, Rollen, Starten, Steigen, Sinken, gerade\u00adaus und in Kurven fliegen, zur\u00fcck zum Flugplatz finden, Landen und noch vieles andere mehr werden ge\u00fcbt und m\u00fcssen nach und nach Routine werden. Bei entsprechenden Fort\u00adschritten d\u00fcrfen Sie zun\u00e4chst allein in Sichtweite des Flugplatzes fliegen, sp\u00e4ter geht es mit Fluglehrer oder allein zu entfernteren Pl\u00e4tzen und mindestens einmal auch zu einem Verkehrsflughafen. Die Praxis-Ausbildung schlie\u00dft mit einem erfolgreichen Pr\u00fcfungsflug mit einem amtlichen Pr\u00fcfer ab.<\/p>\n\n\n\n<p><strong>Externe Kurse: &nbsp;<\/strong>F\u00fcr den Sprechfunk-Verkehr ben\u00f6tigen Sie ein (beschr\u00e4nktes) <strong>Funksprechzeugnis<\/strong>, entweder nur f\u00fcr deutsch oder f\u00fcr deutsch\/englisch kombiniert (BZF I bzw. BZF II). Dies Zeugnis bekommen Sie von einem vorbereitenden Kurs mit ab\u00adschlie\u00ad\u00dfender bestandener Pr\u00fcfung bei der Bundesnetzagentur.  Das Training f\u00fcr das Funksprechzeugnis findet mit externen Trainern meist in Form von Abend- oder Wochenend-Kursen statt. Wir haben f\u00fcr Sie dazu eine Liste von Kurs-Veranstaltern bzw. Trainern zusammen\u00adgestellt. Typisch sind Abendkurse an festen Wochentagen, die sich \u00fcber mehrere Wochen hinziehen oder Kompaktkurse an 2-3 Wochenenden. Aktuelle Termine und Preise erfragen Sie bitte telefonisch bei den jeweiligen Veranstaltern.<\/p>\n\n\n\n<p>Zus\u00e4tzlich wird noch ein Nachweis f\u00fcr Ihr Verst\u00e4ndnis von  Umgangssprache  (<strong>Language Proficiency)<\/strong> in Deutsch und Englisch (gerne auch weitere Sprachen auf Anfrage!) gefordert. Falls Deutsch Ihre Muttersprache ist, braucht es keine Pr\u00fcfung f\u00fcr Deutsch, eine Selbsterkl\u00e4rung gen\u00fcgt. F\u00fcr Englisch gibt es Sachverst\u00e4ndige, die nach einem m\u00fcndlichen Test von ca. 30 Minuten einen entsprechenden Bescheid ausstellen &#8211; gerne auch falls Englisch zuf\u00e4llig Ihre Muttersprache sein sollte. Falls Sie Ihr Schulenglisch schon fast vergessen haben sollten, gen\u00fcgt es zur Vorbereitung meistens, sich ein paar Sendungen in Rundfunk oder Fernsehen auf Englisch anzuh\u00f6ren. Youtube-Filme &#8211; am besten zu Luftfahrt.Themen &#8211; auf Englisch sind auch hilfreich. <\/p>\n\n\n\n<p><strong>N\u00fctzliche Links:<\/strong><\/p>\n\n\n\n<p>Die theoretische und praktische Flugausbildung schlie\u00dfen je mit einer amtlichen Pr\u00fcfung ab. Wir unterst\u00fctzen Sie bei der Vorbereitung. Die Termine daf\u00fcr werden m\u00f6glichst  nach Ihren W\u00fcnschen von uns mit den Beh\u00f6rden vereinbart.<\/p>\n\n\n\n<ul class=\"wp-block-list\"><li>Beh\u00f6rden und Flugsicherung:&nbsp; <a href=\"https:\/\/de.wikipedia.org\/wiki\/Verordnung_(EU)_Nr._1178\/2011\">https:\/\/de.wikipedia.org\/wiki\/Verordnung_(EU)_Nr._1178\/2011<\/a>&nbsp; , <a href=\"https:\/\/www.lba.de\/DE\/Luftfahrtpersonal\/Luftfahrtpersonal_node.html\">https:\/\/www.lba.de\/DE\/Luftfahrtpersonal\/Luftfahrtpersonal_node.html<\/a><br><a href=\"https:\/\/www.regierung.oberbayern.bayern.de\/aufgaben\/37200\/37222\/gebaeude\/42991\/index.html\">https:\/\/www.regierung.oberbayern.bayern.de\/aufgaben\/37200\/37222\/gebaeude\/42991\/index.html<\/a>&nbsp; ; <a href=\"https:\/\/secais.dfs.de\/pilotservice\/home.jsp\">https:\/\/secais.dfs.de\/pilotservice\/home.jsp<\/a><\/li><li>Flugmedizin: <a href=\"https:\/\/www.rudolf-fischl.de\/jarfcl3.htm\">https:\/\/www.rudolf-fischl.de\/jarfcl3.htm<\/a>&nbsp; u.a. Anforderungen an und G\u00fcltigkeitsdauer von Tauglichkeits-Zeugnissen (Medicals)<\/li><li>Flugplanung (z.Zt. noch gratis) : <a href=\"http:\/\/www.airmate.aero\/index.php?lang=en&amp;lang=en\">http:\/\/www.airmate.aero\/index.php?lang=en&amp;lang=en<\/a> <br>&nbsp;&#8211; viele praktische Infos zu Flugpl\u00e4tzen: <a href=\"http:\/\/www.eddh.de\/info\/info.html\">http:\/\/www.eddh.de\/info\/info.html<\/a><\/li><li>Interessenvertretungen: <a href=\"https:\/\/aopa.de\/\">https:\/\/aopa.de\/<\/a>&nbsp; , <a href=\"https:\/\/www.daec.de\/\">https:\/\/www.daec.de\/<\/a><\/li><li>Theorie (z.B. zus\u00e4tzlich zum CAT-Fernkurs):&nbsp;<br><a href=\"https:\/\/www.faa.gov\/regulations_policies\/handbooks_manuals\/aviation\/airplane_handbook\/\">https:\/\/www.faa.gov\/regulations_policies\/handbooks_manuals\/aviation\/airplane_handbook\/<\/a><\/li><\/ul>\n\n\n\n<h4 class=\"wp-block-heading\"><\/h4>\n\n\n\n<hr class=\"wp-block-separator\"\/>\n\n\n\n<h3 class=\"wp-block-heading\">Noch mehr formale <strong>Voraussetzungen<\/strong>, <br>weitere Zeugnisse und Bescheinigungen<\/h3>\n\n\n\n<p>Wir helfen Ihnen, alle Nachweise rechtzeitig zu besorgen und vermitteln Kurse dazu wo notwendig. Die Angaben unten in (Klammern) beziehen sich auf den LAPL.  Manche der u.a. Zeugnisse m\u00fcssen in bestimmten Zeit-Abst\u00e4nden aktualisiert werden.  Wann ubnd wie genau?  Das ist Theorie-Stoff.<\/p>\n\n\n\n<ul class=\"wp-block-list\"><li>Mindestalter :  18 (17)   Jahre<\/li><li>Flieger\u00e4rztliches Tauglichkeitszeugnis (Medical) Klasse 2 (3)   <\/li><li>Nachweis \u00fcber Kenntnisse in 1. Hilfe (der gleiche wie bei der Fahrschule!)<\/li><li>Polizeiliches F\u00fchrungszeugnis<\/li><li>Auskunft des  Verkehrzentralregisters beim Kraftfahrt-Bundesamt <\/li><li>Zuverl\u00e4ssigkeits\u00fcberpr\u00fcfung (Z\u00dcP)<\/li><li>Funksprechzeugnis (BZF englisch oder deutsch)<\/li><li>English Language Proficiency: Test Level IV Minimum<\/li><\/ul>\n\n\n\n<h4 class=\"wp-block-heading\"><\/h4>\n\n\n\n<p><\/p>\n","protected":false},"excerpt":{"rendered":"<p>&#8230; bei uns (f)liegen Sie richtig! Lizenzen und Berechtigungen Genau wie es im Stra\u00dfenverkehr gilt im Luftverkehr, dass man Regeln und Technik beherschen mu\u00df , um sich sicher zu bewegen zu k\u00f6nnen und um sich selbst und niemand anderen zu gef\u00e4hrenden. Jede Frau oder jeder Mann, die bzw. der ein Flugger\u00e4t durch die Luft bewegen &hellip; <\/p>\n<p class=\"read-more\"><a class=\"btn btn-default\" href=\"https:\/\/fliegerclubmuenchen.org\/?page_id=68\"> Read More<span class=\"screen-reader-text\">  Read More<\/span><\/a><\/p>\n","protected":false},"author":1,"featured_media":0,"parent":82,"menu_order":2,"comment_status":"closed","ping_status":"closed","template":"","meta":{"footnotes":""},"class_list":["post-68","page","type-page","status-publish","hentry"],"_links":{"self":[{"href":"https:\/\/fliegerclubmuenchen.org\/index.php?rest_route=\/wp\/v2\/pages\/68","targetHints":{"allow":["GET"]}}],"collection":[{"href":"https:\/\/fliegerclubmuenchen.org\/index.php?rest_route=\/wp\/v2\/pages"}],"about":[{"href":"https:\/\/fliegerclubmuenchen.org\/index.php?rest_route=\/wp\/v2\/types\/page"}],"author":[{"embeddable":true,"href":"https:\/\/fliegerclubmuenchen.org\/index.php?rest_route=\/wp\/v2\/users\/1"}],"replies":[{"embeddable":true,"href":"https:\/\/fliegerclubmuenchen.org\/index.php?rest_route=%2Fwp%2Fv2%2Fcomments&post=68"}],"version-history":[{"count":10,"href":"https:\/\/fliegerclubmuenchen.org\/index.php?rest_route=\/wp\/v2\/pages\/68\/revisions"}],"predecessor-version":[{"id":941,"href":"https:\/\/fliegerclubmuenchen.org\/index.php?rest_route=\/wp\/v2\/pages\/68\/revisions\/941"}],"up":[{"embeddable":true,"href":"https:\/\/fliegerclubmuenchen.org\/index.php?rest_route=\/wp\/v2\/pages\/82"}],"wp:attachment":[{"href":"https:\/\/fliegerclubmuenchen.org\/index.php?rest_route=%2Fwp%2Fv2%2Fmedia&parent=68"}],"curies":[{"name":"wp","href":"https:\/\/api.w.org\/{rel}","templated":true}]}}