{"id":134,"date":"2018-12-07T21:06:42","date_gmt":"2018-12-07T20:06:42","guid":{"rendered":"http:\/\/fliegerclubmuenchen.org\/?page_id=134"},"modified":"2019-02-27T08:49:44","modified_gmt":"2019-02-27T07:49:44","slug":"ueber-den-club","status":"publish","type":"page","link":"https:\/\/fliegerclubmuenchen.org\/?page_id=134","title":{"rendered":"\u00dcber den Club"},"content":{"rendered":"<h2>Flieger Club M\u00fcnchen e.V.&nbsp; (FCM)<\/h2>\n<p>Der FCM besitzt eine lange Tradition als Verein im Luftsport und begann ab den 50iger Jahren mit dem Flugbetrieb in Oberwiesenfeld und setzte danach den Flugbetrieb am Flugplatz Neubiberg fort. Von der Mitgliederanzahl z\u00e4hlte der FCM damals zu den gr\u00f6\u00dften Flugsportvereinen Europas.<\/p>\n<p>Vor und insbesondere nach der Schlie\u00dfung des Flugplatzes Neubiberg 1997 hat sich der FCM intensiv um eine neue Heimat im Gro\u00dfraum M\u00fcnchen gek\u00fcmmert. Der Erfolg war im Herbst 2008 mit einer unterschriftsreifen Betriebsgenehmigung f\u00fcr die zivile Nachnutzung des ehemaligen Milit\u00e4rflugplatzes F\u00fcrstenfeldbruck zum Greifen nahe.<\/p>\n<p>Leider gelang es interessierten Kr\u00e4ften in der CSU, diese Genehmigung in<br \/>\nletzter Sekunde zu stoppen. Stattdessen entschied der Landtag zugunsten eines vorgeblich besseren Nachnutzungskonzepts.&nbsp; Entsprechend dem Auftrag des Landtags sollte<br \/>\n(1) das Konzept mit dem gr\u00f6\u00dften wirtschaftlichen Nutzen&nbsp; zu verwirklicht werden und<br \/>\n(2) das wertvolle Naturschutz erhalten bleiben.<\/p>\n<p>Eine Gegen\u00fcberstellung der Nutzungskonzepte von 2008 und dessen, was 10 Jahre sp\u00e4ter erreicht worden ist, finden Sie weiter unten.<\/p>\n","protected":false},"excerpt":{"rendered":"<p>Flieger Club M\u00fcnchen e.V.&nbsp; (FCM) Der FCM besitzt eine lange Tradition als Verein im Luftsport und begann ab den 50iger Jahren mit dem Flugbetrieb in Oberwiesenfeld und setzte danach den Flugbetrieb am Flugplatz Neubiberg fort. Von der Mitgliederanzahl z\u00e4hlte der FCM damals zu den gr\u00f6\u00dften Flugsportvereinen Europas. Vor und insbesondere nach der Schlie\u00dfung des Flugplatzes &hellip; <\/p>\n<p class=\"read-more\"><a class=\"btn btn-default\" href=\"https:\/\/fliegerclubmuenchen.org\/?page_id=134\"> Read More<span class=\"screen-reader-text\">  Read More<\/span><\/a><\/p>\n","protected":false},"author":1,"featured_media":0,"parent":82,"menu_order":0,"comment_status":"closed","ping_status":"closed","template":"","meta":{"footnotes":""},"class_list":["post-134","page","type-page","status-publish","hentry"],"_links":{"self":[{"href":"https:\/\/fliegerclubmuenchen.org\/index.php?rest_route=\/wp\/v2\/pages\/134","targetHints":{"allow":["GET"]}}],"collection":[{"href":"https:\/\/fliegerclubmuenchen.org\/index.php?rest_route=\/wp\/v2\/pages"}],"about":[{"href":"https:\/\/fliegerclubmuenchen.org\/index.php?rest_route=\/wp\/v2\/types\/page"}],"author":[{"embeddable":true,"href":"https:\/\/fliegerclubmuenchen.org\/index.php?rest_route=\/wp\/v2\/users\/1"}],"replies":[{"embeddable":true,"href":"https:\/\/fliegerclubmuenchen.org\/index.php?rest_route=%2Fwp%2Fv2%2Fcomments&post=134"}],"version-history":[{"count":5,"href":"https:\/\/fliegerclubmuenchen.org\/index.php?rest_route=\/wp\/v2\/pages\/134\/revisions"}],"predecessor-version":[{"id":719,"href":"https:\/\/fliegerclubmuenchen.org\/index.php?rest_route=\/wp\/v2\/pages\/134\/revisions\/719"}],"up":[{"embeddable":true,"href":"https:\/\/fliegerclubmuenchen.org\/index.php?rest_route=\/wp\/v2\/pages\/82"}],"wp:attachment":[{"href":"https:\/\/fliegerclubmuenchen.org\/index.php?rest_route=%2Fwp%2Fv2%2Fmedia&parent=134"}],"curies":[{"name":"wp","href":"https:\/\/api.w.org\/{rel}","templated":true}]}}